s the remainder when d is divided by a?
21
Suppose o + 5*y - 1 = 11, 36 = 3*o + y. What is the remainder when 32 is divided by o?
8
Suppose -6*s - 3*s + 378 = 0. What is the remainder when 365 is divided by s?
29
Let u be -4 + 4 + -3 + 0. Suppose 10 + 6 = 2*k. What is the remainder when (-40)/u*54/k is divided by 23?
21
Let w(o) = -o**3 - 4*o**2 + 2*o + 22. What is the remainder when 103 is divided by w(-5)?
29
Let g = -23 - -66. What is the remainder when 128 is divided by g?
42
Let p = 44 + -39. Suppose -p*y = -25, 4*r = -0*r - 4*y + 96. What is the remainder when r is divided by 5?
4
Let d(m) = m**3 + 9*m**2 + 2*m + 18. Let a be d(-9). Let h(l) = -l**2 + a*l - 9 - 5*l - 7*l. Calculate the remainder when h(-7) is divided by 9.
8
Let s(a) = a + 99. What is the remainder when s(-44) is divided by 22?
11
Suppose 17*q - 406 = 376. Calculate the remainder when q is divided by 0 + 12*2/2.
10
Suppose -4*g - 2*t = -1562, -g = -2*g - 2*t + 389. What is the remainder when g is divided by 14?
13
Let z(t) = -3*t**2 + 29*t - 53. Suppose 7*a = 3*a + 592. What is the remainder when a is divided by z(4)?
13
Suppose -336 = -3*c - 11*c. Let h = 71 + 22. What is the remainder when h is divided by c?
21
What is the remainder when 172*(11/(-2) + 6) is divided by 41?
4
Let n = 10 - 7. Suppose -76*h + 432 = -67*h. Suppose 42 = -6*r + h. Calculate the remainder when n is divided by r.
0
Suppose -3*i = 2*i - 200. Suppose 0*k = -5*k + i. What is the remainder when -4*190/(-40) + 4 is divided by k?
7
Let h(c) = -c**3 - 2*c**2 + 5*c. Let u(r) = r**3 + 19*r**2 + 19*r + 12. Let g be u(-18). Calculate the remainder when h(-5) is divided by (-9)/6*104/g.
24
Suppose 5*x + 3*c = -32, x + 5*c - 4*c + 8 = 0. What is the remainder when x*(-8 + (-8)/(-2)) is divided by 6?
4
Let l = -20 + 7. Let b = -11 - l. Let q(k) = -2*k + 14. What is the remainder when q(6) is divided by b?
0
Let v(c) = 2*c**2 + 10*c + 7. Let d be v(-6). Let n = -181 - -182. Suppose -d = -2*f - n. What is the remainder when 17 is divided by f?
8
Let s = -2676 + 2832. What is the remainder when s is divided by 64?
28
Suppose -253*z - 138 = -256*z. What is the remainder when 869 is divided by z?
41
Let g = 1577 - 1461. Calculate the remainder when g is divided by 19.
2
Suppose 277*y - 269*y - 272 = 0. Suppose -72 = -7*r + 3*r. Calculate the remainder when y is divided by r.
16
Calculate the remainder when 96 is divided by -2 + 42/18 + (-116)/(-12).
6
Let u = 73 - 81. Suppose 47 = 3*j - 4*b - 23, 0 = -2*j - 3*b + 75. What is the remainder when (28/u)/7*-118 is divided by j?
29
Let q be (-12 - -15)*(2/3 - 0). Suppose -2*z + 3*c + 75 = 2*z, q*z = 2*c + 36. What is the remainder when z is divided by 14?
7
Let c(k) be the third derivative of 11*k**4/24 + 3*k**3/2 - 10*k**2. Let a be c(6). Let p = a + -35. What is the remainder when p is divided by 14?
12
Let k = -997 - -1064. Suppose 29 + 39 = 2*y. What is the remainder when k is divided by y?
33
Let g = -7 - -13. What is the remainder when 89 is divided by 184/g*9*5/30?
43
Let f(i) = -i - 18. Let m be f(-20). Suppose 0 = 3*o - 3*a - 57, -2*a + 87 = 5*o - 3*a. Calculate the remainder when 4 + -6 + 62/m + 3 is divided by o.
15
Let k(y) = -4*y - 4 + 5*y**2 + 2 + 12 - 4*y**2. Let z = -10 + 15. What is the remainder when k(z) is divided by 6?
3
Let o(f) = -2*f**2 - 34*f + 11. Let w(v) = 16*v**3 + 3*v + 2. Let k be w(-1). Calculate the remainder when 54 is divided by o(k).
10
Let l(d) = -d**3 + 5*d**2 + 2*d - 7. Let r be l(3). Let s = r + -1. What is the remainder when 26 is divided by s?
10
Suppose 0 = -w + 5, 2*m - 729 = 3*w. Calculate the remainder when m is divided by 118.
18
Let n be (4/(-8))/((-2)/220). Let b = 14 + n. What is the remainder when b is divided by 40/(-50) - 282/(-15)?
15
Suppose -4 - 11 = -3*s. Suppose s*i + 4 = -11. Let z = i - -8. Calculate the remainder when 7 is divided by z.
2
Let x be (-10)/(-2) + (-11 - -13). Suppose -5*y + 23 = -x. What is the remainder when 5 - (y/2 + -2) is divided by 1?
0
Suppose -7*l = -6*l - 3. Suppose 65 = -4*p + 9*p. What is the remainder when p is divided by l?
1
Let f = 311 - 210. What is the remainder when f is divided by 29?
14
Let l = 213 + -301. What is the remainder when (3 - 1) + 19 + -2 is divided by (l/(-24))/(-2 - (-7)/3)?
8
Suppose -10*v + 1359 = 179. Suppose -v - 101 = -3*c. Calculate the remainder when c is divided by 18/((-1)/(-1)) - -1.
16
Let g(f) = -f**3 + 12*f**2 + 16*f - 25. Let h be g(13). Suppose -20*d = -h*d - 180. What is the remainder when 57 is divided by d?
27
Let r = -230 + 272. Suppose -4*o + 137 + 527 = 0. Calculate the remainder when o is divided by r.
40
Let c = -53 + 121. Suppose -2*z + c = z - 5*u, 0 = 4*z + 5*u - 44. Let d = 91 + -46. Calculate the remainder when d is divided by z.
13
Let a be 15/20 + (-36)/(-16). Let c = 6 - a. Suppose -c*o + 6*h + 118 = h, -h - 129 = -4*o. What is the remainder when o is divided by 11?
9
Suppose 4*c = 1192 + 52. Calculate the remainder when c is divided by 35.
31
Let v(c) = c**3 + 23*c**2 + 28*c - 6. Let n be v(-22). Calculate the remainder when n/15*(-45)/9 is divided by 32/(-6)*(-9)/4.
10
Calculate the remainder when (-2)/8 + (-85)/(-4) is divided by (-3)/(-12) + 713/92.
5
Suppose 2*v = -4*k + v + 30, -3*v = k - 2. What is the remainder when 11 is divided by k?
3
Suppose 0 = 39*r - 1366 - 77. Calculate the remainder when 45 is divided by r.
8
Suppose -22 = -3*u + u. Let b = 10 + u. Let d = 29 - b. What is the remainder when 31 is divided by d?
7
Calculate the remainder when (684/133)/(6/63) is divided by 26.
2
Let n be 1 - (-3 + -1)/(-4). Suppose 4*j = -4 + 20. Suppose -4*z + j + 8 = n. Calculate the remainder when z is divided by 2.
1
Suppose 0 = 4*v - 321 - 63. Suppose -v = -2*t - 4*q, 0*q + 207 = 4*t + 5*q. What is the remainder when t is divided by 21?
16
Let b(q) = -q**3 + 2*q**2 + 5*q - 4. Let n be b(3). Let k be n/(-1 - 15/(-14)). Calculate the remainder when (-2)/(-7) - (-860)/k is divided by 8.
7
Let r = 85 - -198. Calculate the remainder when r is divided by 26.
23
Let n = 54 + -19. Calculate the remainder when 147 is divided by 4*n/5 - -2.
27
Let c(w) = 7*w - 41. Calculate the remainder when 66 is divided by c(8).
6
Suppose 619 - 19 = 24*x. Suppose 4*o = 5*r - 640, 93 = 2*r - 4*o - 175. What is the remainder when r is divided by x?
24
Calculate the remainder when (42 - 41)*((-17)/1)/(-1) is divided by 9.
8
Let q(d) = d**3 + 3*d**2 - 6*d - 2. Let k be q(-5). Suppose -b - 1 + 10 = 0. What is the remainder when b is divided by 62/22 + (-4)/k?
0
Let g(a) = -a**3 + 13*a**2 - a - 16. Let z be g(10). Suppose -66 = 8*r - z. Calculate the remainder when r is divided by 6.
2
Let m = 1298 + -1208. Calculate the remainder when m is divided by 62.
28
What is the remainder when 173 is divided by (-8)/((-12)/(-6)) + 9?
3
Suppose x = 96 + 8. Suppose 4*i - x = 5*f, -2*i - 2*f + 57 - 5 = 0. What is the remainder when i is divided by 15?
11
Let c = 45 - 26. Let r = c + -16. Suppose -63 - 35 = -r*z - 4*q, -4*z - 4*q + 124 = 0. What is the remainder when 100 is divided by z?
22
Let a(g) = g**3 + g**2 + g. Let p(x) = -2*x**3 + 8*x**2 + 8*x + 7. Let w(q) = -a(q) - p(q). Calculate the remainder when 8 is divided by w(10).
2
Calculate the remainder when (148 - -4)/(-1)*3/(-4) is divided by 20.
14
Let t be -16 + ((-9)/3)/(-3). Let s = 33 + t. Suppose -b - 4*c + 0*c + 10 = 0, 3*c = 0. Calculate the remainder when s is divided by b.
8
Calculate the remainder when 145 is divided by (-32)/(-28) + (-6)/(-7).
1
Let b(a) = -3*a - 4. What is the remainder when ((-69)/15)/(7/(-35)) is divided by b(-3)?
3
Suppose -j = 3*g - 33, 0 = 4*j + 3*g - 35 - 52. Calculate the remainder when j is divided by 3/(-6) + 15/2.
4
Suppose -3*r = -3*x - 0 - 6, r + 2 = 3*x. Calculate the remainder when ((-1)/(-3))/((-1)/(-12)) is divided by r.
0
Suppose -2*q - 5*v = -q + 6, 3*q = -5*v + 12. Let g(i) = -55*i - 1. What is the remainder when g(-1) is divided by -42*(-1 + -2)/q?
12
Let l = 112 - 51. Suppose -r - 5 = 0, -3*j + 100 = 2*j + r. What is the remainder when l is divided by j?
19
Suppose -6*k + 1308 = -168. What is the remainder when k is divided by 34?
8
What is the remainder when 50 is divided by 15/(-30) - (-106)/4 - 0?
24
Let w = -4 - -16. Let y = -35 - -137. Suppose l = 4*l - 